 be (50/4 + 2)*14/7. Suppose r - d = 3*x + 37, 4*x - 20 = 0. Calculate the remainder when r is divided by 21.
18
Let q = 53 - 22. Let k = 63 - q. What is the remainder when k is divided by 7?
4
Suppose -w = -2*w - 5*q + 165, 0 = q - 4. Let x = -117 - -220. Suppose 0 = -2*a + x - 29. What is the remainder when w is divided by a?
34
Let u = -8 + 13. Suppose 0 = 3*z - u*z. Suppose -6*j + 24 + 54 = z. Calculate the remainder when 48 is divided by j.
9
Calculate the remainder when (14 + 1)*(19 + -10) is divided by 20.
15
Suppose 4*f = -b + 16, -2*b - 2*f - 10 = -3*b. Let i = 3 + 4. Let n = i + 15. What is the remainder when n is divided by b?
10
Suppose 14*r + 192 = 15*r. Suppose -4*o - 2*s = -r, 4*o + 102 = 6*o - 2*s. Calculate the remainder when o is divided by 13.
10
Suppose 4*g - 3*c - 1751 = 0, 4*c + 4 = -0. Calculate the remainder when g is divided by 22.
19
Let b(t) = t**3 + 6*t**2 - 6*t - 5. Let q(p) = p**2 - p - 1. Let y(l) = -b(l) - 6*q(l). Let o = 18 - -76. What is the remainder when o is divided by y(-13)?
22
What is the remainder when (1/2)/(5/120) is divided by 148/28 - 4/14?
2
Let m(u) = u**2 - u - 12. Let v = -3 - 21. Let h = v + 44. What is the remainder when m(10) is divided by h?
18
Suppose 5*c = -q - 0*q + 6, -6 = 3*c. Let v = q - 11. Suppose 5*g - v*a + 4*a - 43 = 0, -2*a - 41 = -5*g. Calculate the remainder when 25 is divided by g.
7
Suppose -2*g = -101 + 33. Suppose 4*b - k = -4*k + g, 5*k + 40 = 3*b. Calculate the remainder when 58 is divided by b.
8
Let z = 43 + -45. What is the remainder when z + (-4 - (-9 + -1)) is divided by 3?
1
Let o be (-4 + -1)*(-28)/5. Suppose -2*y = -4*y + 24. Suppose 0 = -10*q + y*q - o. What is the remainder when 54 is divided by q?
12
Let g(a) = -4*a**2 + 6*a + 222. Suppose l - 35 = -z, 0*l - 2*z = -l + 50. What is the remainder when l is divided by g(8)?
12
Let b(h) = -10*h**2 - 131*h - 3*h**3 + 140*h + 7*h**3 - 3*h**3 - 34. Calculate the remainder when b(10) is divided by 11.
1
Let a(h) = -h**3 + 13*h**2 - 11*h - 18. Let y be a(12). Let c(u) = 3*u**2 + 7*u + 19. Calculate the remainder when c(y) is divided by 22.
19
Suppose 4*s = -2*a + 61 + 11, 3*s - 39 = -a. Calculate the remainder when 115 is divided by a.
25
Calculate the remainder when 98 is divided by (255/(-60))/(((-14)/(-16))/(-7)).
30
Suppose 8*w + 2*a = 3*w + 138, 4*a = -4*w + 108. What is the remainder when w is divided by (-1)/(-2) + 38/4?
8
Let h(s) = 0*s + 2*s + 25*s**2 - 1 - 1. What is the remainder when 97 is divided by h(1)?
22
Let x be (-30)/(-12)*(1 + (-11)/(-5)). Let v(k) = -k**3 + 9*k**2 - 3*k + 3. Suppose -3*q = q - 92. Calculate the remainder when v(x) is divided by q.
20
Let b be (81/(-36))/((-3)/8). Suppose -2*l - 5*h = -b*l + 79, 0 = 2*l - h - 47. Calculate the remainder when l is divided by 14.
12
Let h(t) = 7*t - 25. Let w be h(5). Suppose w*g - 48 = 7*g. Calculate the remainder when g is divided by 5.
1
Suppose -11 - 21 = -2*n. Let p = 1 + 2. Suppose -4*z + 2 = -p*z - 4*k, 5*z - 34 = -4*k. What is the remainder when n is divided by z?
4
Let i(x) = -2*x + 81. Calculate the remainder when i(5) is divided by 29.
13
Let z = -787 - -838. What is the remainder when z is divided by 7?
2
Let w(o) = 58*o - 10. Let m be w(2). Let q = -64 + m. What is the remainder when q is divided by 9?
6
Suppose 2*z - 27*k = -22*k + 93, -2*z - 3*k + 85 = 0. What is the remainder when 214 is divided by z?
38
Suppose -4*q - 77 = -11*q. Calculate the remainder when 14 is divided by q.
3
Let u = 2 - -16. Calculate the remainder when 28 - ((-80)/8 + 8) is divided by u.
12
Suppose 4*o = 5*l - 100, -10 + 19 = -l - 5*o. Let w(x) = 3*x + 10. Calculate the remainder when w(5) is divided by l.
9
Let x(a) = -a**2 + 9*a + 22. Let z be x(10). Suppose -p = -4*p, 0 = 4*b + 2*p - z. Suppose 3 = -2*s + b*s. Calculate the remainder when 6 is divided by s.
0
Let b = 29 + -36. Let q(v) = -17*v - 10. Calculate the remainder when q(b) is divided by 37.
35
Let y = 1875 - 1123. Let a be y/(-64) + 1/(-4). Let w = -4 - a. What is the remainder when 14 is divided by w?
6
Calculate the remainder when 267 is divided by (-964)/(-14) - (-288)/(-336).
63
Let h(w) = -16*w - 347. Calculate the remainder when h(-26) is divided by 35.
34
What is the remainder when 3 - -1*(99 - 6) is divided by 25?
21
Suppose -3*r = -5*h - 103, -5*r = 2*h - 55 - 127. What is the remainder when 105 is divided by r?
33
Let s(l) = -l**2 - 4*l + 2. Let u be s(-4). Let o(t) = t**3 + 16*t**2 - 2. Let q be o(-16). What is the remainder when 17 is divided by u*2 - 2/q?
2
Let j(r) = 33*r**2 + 6*r - 1. What is the remainder when 138 is divided by j(1)?
24
Suppose 45*v + 6*v - 612 = 0. What is the remainder when 2158 is divided by v?
10
Suppose -v - 110 = -r, -3*v - v - 116 = -r. Suppose -2*f - r = -156. Let u = -10 - -56. Calculate the remainder when u is divided by f.
22
Suppose -3*o + 306 = 4*i, 5*i + 304 = 9*i + 2*o. What is the remainder when 1873 is divided by i?
73
Suppose v = s - 33, 2*s - 62 = 3*v + v. Suppose 0*a = 4*a + 5*d + 9, 0 = -5*a - d + 15. Let b = 16 - a. What is the remainder when s is divided by b?
11
Suppose -4*m + 23 = 7, -4*m = 4*b - 28. Suppose 0 = -4*z + b*z + 6. Let d(v) = v**2 + 3*v + 4. Calculate the remainder when d(-6) is divided by z.
4
Let o(w) = 11*w**2 - 64*w + 3. What is the remainder when 223 is divided by o(6)?
13
Let q be 205/35 - 2/(-14). Suppose 3*c + 12 = -q. What is the remainder when (18 - 2)*(-3)/c is divided by 4?
0
Suppose -2*c - 3*u + 1 = 0, 7*c - u = 3*c - 19. Let i be 88/6*2/(-8)*-6. What is the remainder when 43 is divided by c/(-22) - (-238)/i?
10
Suppose -210*n + 525 = -185*n. Calculate the remainder when 451 is divided by n.
10
Let v(w) = w + 5. Let o be v(0). Let x be (o/15)/((-3)/(-18)). Suppose -2*m + 134 = 5*s, x*m = -0*s - s + 30. Calculate the remainder when s is divided by 9.
8
Let g(v) = -5*v**2 + 3*v + 2 + 11*v + 7*v + 20*v. Calculate the remainder when 18 is divided by g(8).
8
What is the remainder when 278 is divided by (-6)/(-10) + -15 + 1053/45?
8
Suppose 1188 = 144*x - 111*x. Calculate the remainder when 1943 is divided by x.
35
Suppose -68*h + 71*h = 237. What is the remainder when 1658 is divided by h?
78
Suppose -4*i = -l + 54, -3 = -4*i - 19. What is the remainder when l is divided by 20?
18
Suppose t - 4*g - 22 = 0, -4*g - 9 = 3*t + 5. Suppose 3*c - t*f - 88 = 0, 10*c + 3*f - 115 = 5*c. Calculate the remainder when 73 is divided by c.
21
Suppose -3*i - 3*g + 537 = 0, 2*i - 16 = 2*g + 354. Calculate the remainder when i is divided by 16.
6
Let a(i) = -i**3 - 7*i**2 + 4. Let v be a(-5). Let z = v + 78. Calculate the remainder when (-186)/4*(-2 + 0) is divided by z.
29
Let s(w) = 11 + 285*w - 68 + 278*w - 596*w. Calculate the remainder when s(-4) is divided by 11.
9
Suppose -2288 = -51*i + 43*i. Calculate the remainder when i is divided by 12.
10
Suppose -2*z + 47 = -15. Let x(j) = -2*j - 4. What is the remainder when z is divided by x(-6)?
7
Suppose 22*f - 276 = 604. What is the remainder when f is divided by 12?
4
Let f(y) = -y**2 + 8*y - 3. Let p be f(6). Let o(r) = 24*r - 9. Calculate the remainder when o(p) is divided by 35.
32
Suppose 15*m - 9*m = 600. Suppose 7*v + 16 - m = 0. Suppose 3*t - 99 = -4*q, 0*q - 3*q = t - 68. Calculate the remainder when q is divided by v.
9
Suppose -f + 0*f = -83. Suppose 7 + 129 = 8*c. Calculate the remainder when f is divided by c.
15
Suppose z = 24 - 18. Calculate the remainder when 889/9 + z/27 is divided by 26.
21
Let b be 24/156 + (-288)/13. Let p = 27 + b. Let y(u) = 3*u**2 - 11*u + 6. Calculate the remainder when y(p) is divided by 7.
5
Let j = 20 + -14. Suppose 2*x + 0 = 12. Suppose 0*a + 3*a = x. Calculate the remainder when j is divided by a.
0
Let v(o) = 35*o**2 + 4*o + 5. Let z be v(-2). Let w = z - 52. Suppose 0 = -3*x + 6, -5*x - 100 = -5*j. What is the remainder when w is divided by j?
19
Let l = 482 + -272. Suppose 0 = -2*u - 5*r + l, 4*u - 450 = 2*r + 3*r. Calculate the remainder when u is divided by 28.
26
Suppose -3*u + 30 = v, 5*v + u + 0*u - 80 = 0. Calculate the remainder when 54 is divided by v.
9
Suppose 0 = 2*f + 2. Let a = -19 - f. Let u = -9 - a. Calculate the remainder when 34 is divided by u.
7
Let o(x) = x**2 + 3*x - 10. Let z be (-4)/(-10) + (-37)/5. Calculate th